emainder when i is divided by 38?
12
Suppose -88*m + 7617 + 39 = 0. Calculate the remainder when 1656 is divided by m.
3
Suppose -390 = -5*a - 4*b, -4*a - b + 0*b + 323 = 0. Suppose -112 = 2*z + 5*p - 224, 250 = 5*z + 5*p. Calculate the remainder when a is divided by z.
36
Suppose -4*k - 4*b + 14684 = 0, 10*k - 14*k + 2*b = -14666. What is the remainder when k is divided by 27?
23
Suppose -n - 42 = -a, -2*a - n = -0*n - 90. Suppose -4 = p - 8. What is the remainder when a is divided by p?
0
Suppose -69*f + 5000 + 2197 - 2022 = 0. Let g = 18 - -8. Calculate the remainder when f is divided by g.
23
Let i be 4 + (-4 + 3)*0. Suppose -4*p + 11 - 3 = 0. Suppose -p*z + 96 = i*z. Calculate the remainder when 58 is divided by z.
10
Suppose 1161*b - 1179*b + 13842 = 0. Calculate the remainder when b is divided by 10.
9
Let o = 4042 + -3380. What is the remainder when o is divided by 18?
14
Calculate the remainder when 7 - (-3)/((-24)/7376*-2) is divided by 38.
12
Let f be ((-6)/(-10) - 224/40)*-1. Calculate the remainder when 131 is divided by 32/40 + 91/f.
17
Let i(s) = -s**3 + 2*s**2 + 2*s + 229. Let m = 86 - 86. Let n(t) = -3*t**3 - 5*t**2 - 3*t + 1. Calculate the remainder when i(m) is divided by n(-3).
45
Calculate the remainder when (4 - (-8 - 60/35))/((-1)/(-14)) is divided by 90.
12
Let a(u) = -u**3 - 39*u**2 - u - 101. Let z be a(-39). Let k = z - -84. What is the remainder when 234 is divided by k?
14
Suppose -3*a + 49 + 50 = 0. Calculate the remainder when a is divided by (54/6)/((-405)/(-585)).
7
Let b(d) = 1 + 3*d**2 - 6 - 4. Suppose 0 = -7*r + 83*r - 380. What is the remainder when b(r) is divided by 17?
15
Suppose 9*r + 16 = 11*r. Suppose 3*x = r*x - 405. What is the remainder when x is divided by 14?
11
Suppose p = -2*f + 65, 0 = f - p - 13 - 12. Suppose -4*j + 5*n + f = 0, j - 4*n + 0 = 2. Calculate the remainder when 14 is divided by j.
4
Suppose 0 = -187*d - 134 + 5557. Calculate the remainder when 605 is divided by d.
25
Let y(u) = u**3 - 9*u**2 - 792*u + 127. Calculate the remainder when 189 is divided by y(33).
62
Suppose 0 = -3*b - 4*t - 155 - 85, -5*t = -4*b - 351. Let c = -80 - b. What is the remainder when c is divided by (-3 - (-7 + 2))*(-1 - -2)?
0
Suppose -5*k - 2*c + 74 = 0, -2*k - c = c - 26. What is the remainder when 93 is divided by (-1)/(((-3)/k)/3)?
13
Suppose -5*m = 3*n - 586 + 190, 3*n - 240 = -3*m. Suppose 3*p - 29 = 19. Calculate the remainder when m is divided by p.
14
Suppose 0 = 4*a - 2*a - 4. Let o(w) = 2 - 3*w**2 + 9*w - 11*w**a + 15*w**2. What is the remainder when o(7) is divided by 39?
36
Let c(b) = b**2 - 10*b + 45. Let x be (16/(-10))/(7/(-35)). What is the remainder when 41 is divided by c(x)?
12
Let r = 44 - 58. Let p = r - -14. Suppose -18*h + 17*h + 28 = p. What is the remainder when 52 is divided by h?
24
Let o be 3*((-32)/(-10))/((-3)/(-5)). Suppose -19 = -7*w + o. Let t(q) = q**2 - q - 3. What is the remainder when 64 is divided by t(w)?
13
Let a be 1171 + ((-3)/(-9))/((-2)/36). Suppose -6557 = -16*q - a. Calculate the remainder when q is divided by 31.
27
Let g(l) = -10*l + 3. Let p(q) = 5*q - 1. Let a(k) = -4*g(k) - 9*p(k). Let t be (7/2)/(6/(-12)). Calculate the remainder when a(t) is divided by 12.
8
Suppose 0 = -5*d + 2*l - 22 + 188, -l = -2. Suppose -6*g + 2*g = -3*b - 17, 29 = 5*g + 4*b. Calculate the remainder when d is divided by g.
4
What is the remainder when 1814 is divided by (0 - 12/(-24))/((-10)/(-580))?
16
Let d = 9600 - 9589. What is the remainder when 2811 is divided by d?
6
Let d(w) = -w**3 + 12*w**2 - 21*w + 15. Let j be d(10). Suppose 0*t = j*t + 2*c - 358, 2*c = -3*t + 214. What is the remainder when 138 is divided by t?
66
Let w(c) = -2*c**2 - 75*c - 168. What is the remainder when 346 is divided by w(-34)?
66
Let z = 5651 + -222. What is the remainder when z is divided by 56?
53
Let y(u) = -u**3 + 13*u**2 + 11*u + 17. Let f be y(14). Let l be (0 + -3 - -1)*f. Calculate the remainder when (-2)/((l/(-345))/5) is divided by 24.
21
Let m(g) = g**2 - 9*g - 17. Let l be m(11). Suppose 11 = l*v + 4*q, -3*v = -v - q + 6. Calculate the remainder when (49 - 56)*(9/v - -1) is divided by 20.
16
Suppose 897 = -699*k - 660*k + 1428*k. Calculate the remainder when (-38 - 0)/(2/(-4)) is divided by k.
11
Suppose 29 = 25*p + 304. Calculate the remainder when 160 is divided by (6 - p) + 1 + 0.
16
Let o = 26222 - 26207. What is the remainder when 3100 is divided by o?
10
Let z be (-1 + 2 - 0)/((-2)/(-10)). Let p be -630*(2 - z/2)/1. Suppose -5*j + 74 = 2*w - 52, 0 = 5*w + j - p. Calculate the remainder when w is divided by 33.
30
Let w = -4105 + 5819. Calculate the remainder when w is divided by 143.
141
Let h be (-2 + 4)*(-33)/(-6). Suppose -3*s = 15, -h + 50 = r - 3*s. Let f(m) = m**2 - 6*m - 9. What is the remainder when r is divided by f(8)?
3
Let i(d) = 2*d - 20. Let g be i(-6). Let b = g - -37. What is the remainder when 79 is divided by ((-87)/(-15) - 4)*b?
7
Suppose 13*m = 16*m - 5*p - 82, 3*m + 5*p = 62. What is the remainder when 65 is divided by m?
17
Let v(m) = 1011*m**3 + 16*m**2 - 22*m + 8. Calculate the remainder when v(1) is divided by 11.
1
Let w = -7 + 36. Suppose 4*b + 145 = 5*d - 0*b, -b = d - w. Suppose -60*f + 2070 = 157*f - 102*f. What is the remainder when d is divided by f?
11
Let v(y) = -y**2 - 33*y - 189. Let b be v(-26). Calculate the remainder when 75584/56 - (16/b + 2) is divided by 33.
30
Let x = -93 - -95. Let d be (-1 - 2)*(x - 1). What is the remainder when (-84)/(-3) + 4 - d/3 is divided by 10?
3
Suppose 5*g + 5959 = 2*t, -83*t - 2*g = -87*t + 11894. What is the remainder when t is divided by 247?
8
Let c(j) = -2*j**2 - 10*j. Let b be c(8). Let d = b - -306. What is the remainder when d is divided by 11?
10
Let k(w) = 11*w + 907. Let p be k(-52). Suppose 0 = 3*t + 77 - 2012. Suppose t = 4*b - p. Calculate the remainder when b is divided by 41.
40
Let l be ((-444)/(-10))/(1 - 72/75). Suppose 5*y - 5*o - l = 0, 8*o - 4*o = 5*y - 1109. What is the remainder when y is divided by 28?
25
Let d be 2/4 + (-145)/10. Let x(y) = 19*y**3 + 2*y**2 - 1. What is the remainder when (4 - 26/4)*d is divided by x(1)?
15
Let w(i) = 12*i**2 - 967*i**3 + 3*i + 11*i + 968*i**3 + 27. What is the remainder when w(-8) is divided by 61?
49
Let j(y) = -y - 2. Let a be j(-6). Suppose a*m - 918 = -14*m. Calculate the remainder when m is divided by 40.
11
Let p(o) = 32*o**2 + 41*o + 1 - o**3 - 25*o**2 - 10*o**2. Calculate the remainder when (-3)/(((-27)/(-102))/(-3)) is divided by p(5).
4
Suppose -f + 1 = -4*v + 5, 0 = -5*f - v + 1. Suppose 8*n + 127 - 599 = f. What is the remainder when n is divided by 20?
19
Let t(d) = 4*d**2 - 49*d - 159. What is the remainder when 455 is divided by t(-3)?
23
Let u = -238 + 284. What is the remainder when 125 is divided by (u - 10) + (-3)/1?
26
Let t be (13/(-52) - (-15)/(-4)) + -3. Let a be (1 + 0)*(t + -14). Calculate the remainder when 33 is divided by -7*(a/9 - 2/(-6)).
5
Suppose 0 = -4*h + 7*h - 5*u - 422, 3*h + 5*u = 412. Suppose -2*r + h = 3*d, 107 = 3*r + 4*d - 99. What is the remainder when 178 is divided by r?
54
Let y(c) = 2*c**2 + c + 2. Suppose 3*v = 3*u - 120, -273*u + 274*u - 4*v - 28 = 0. What is the remainder when u is divided by y(3)?
21
Let k = -6615 + 6688. Calculate the remainder when 1026 is divided by k.
4
Let d be (-20)/(-70) + (-1811)/(-7) + 1. Let w = d + -207. Calculate the remainder when w is divided by 4.
1
Suppose -16*s + 45 = -3. Calculate the remainder when 355 is divided by 2/s + 61/(-9)*-3.
19
Let g = -5744 - -5751. Calculate the remainder when 2958 is divided by g.
4
Suppose 46*d = -44*d + 67*d + 138. Let j = 5 + 1. Suppose j = 2*f - 0*f. Calculate the remainder when d is divided by f.
0
Suppose 0 = 4*w - w - 39. Suppose 12*f - w*f + 100 = 0. Let g(d) = d + 24. Calculate the remainder when f is divided by g(-7).
15
Calculate the remainder when 102 is divided by 7848/109 - ((-6)/(-3) - 11).
21
Let v(i) = -4*i**2 + 40*i - 36. Calculate the remainder when 1679 is divided by v(8).
27
Suppose -2*n + 4*r = -980, 4456 = 16*n - 7*n + 5*r. What is the remainder when n is divided by 70?
4
Let c be -1 + 2 + (9 - 5). Suppose -c*u = 4*g - 304, 10*g - 380 = 5*g - 3*u. What is the remainder when g is divided by 12?
4
Calculate t